{"id":10192,"date":"2022-07-17T15:56:02","date_gmt":"2022-07-17T13:56:02","guid":{"rendered":"https:\/\/www.bazaroslavany.cz\/?post_type=product&#038;p=10192"},"modified":"2023-10-05T15:25:27","modified_gmt":"2023-10-05T13:25:27","slug":"dock-station-pro-lenovo-t440s-typ-40a1","status":"publish","type":"product","link":"https:\/\/www.bazaroslavany.cz\/?product=dock-station-pro-lenovo-t440s-typ-40a1","title":{"rendered":"Dock Station pro LENOVO T440S Typ: 40A1"},"content":{"rendered":"<p><strong>Dokovac\u00ed stanice pro Lenovo notebooky.<\/strong><\/p>\n<p><strong>ThinkPad L4xx, L5xx, T4xx, T5xx, W550s, X2xx<\/strong><br \/>\n<strong>Bohu\u017eel je nevyu\u017eit\u00e1 i s kl\u00ed\u010dkem.<\/strong><\/p>\n<p><strong>P\u016fvodn\u00ed cena byla necel\u00fdch 6.000 K\u010d.<\/strong><\/p>\n<p><strong>Platba p\u0159edem na \u00fa\u010det je 90 K\u010d \u2013 doporu\u010den\u011b.<\/strong><br \/>\n<strong>Dob\u00edrka 170 K\u010d \u2013 plat\u00ed se p\u0159i vyzvednut\u00ed na po\u0161t\u011b nebo p\u0159i p\u0159ed\u00e1n\u00ed u po\u0161tovn\u00edho kur\u00fdra.<\/strong><\/p>\n<p><strong>P\u0159edstavujeme V\u00e1m origin\u00e1ln\u00ed dokovac\u00ed stanici pro notebooky Lenovo. Stanice je velmi zaj\u00edmav\u011b \u0159e\u0161ena a V\u00e1\u0161 notebook m\u016f\u017eete velmi snadno p\u0159ipojit a roz\u0161\u00ed\u0159it o dal\u0161\u00ed mo\u017enosti. Stanice V\u00e1m zajist\u00ed i nab\u00edjen\u00ed Va\u0161eho notebooku. Pomoc\u00ed dokovac\u00ed stanice m\u016f\u017eete p\u0159ipojit dal\u0161\u00ed periferie (tisk\u00e1rny, kl\u00e1vesnice, monitory, aj.)<\/strong><\/p>\n<p><strong>ThinkPad L440, L450, L460, L470, L540, L560, L570<\/strong><br \/>\n<strong>ThinkPad P50s, P51s<\/strong><br \/>\n<strong>ThinkPad T440, T440p, T440s, T450, T450s, T460, T460p, T460s, T470, T470p, T470s, T540p, T550, T560, T570<\/strong><br \/>\n<strong>ThinkPad W550s<\/strong><br \/>\n<strong>ThinkPad X240, X250, X260, X270<\/strong><br \/>\n<strong>pouze s dvouj\u00e1drov\u00fdmi procesory a integrovanou grafickou kartou<\/strong><\/p>\n<p><strong>3xUSB 2.0<\/strong><br \/>\n<strong>3xUSB 3.0<\/strong><br \/>\n<strong>1xDisplayPort<\/strong><br \/>\n<strong>1xDVI<\/strong><br \/>\n<strong>1xVGA<\/strong><br \/>\n<strong>1xLAN<\/strong><\/p>\n","protected":false},"excerpt":{"rendered":"<p><strong>Dokovac\u00ed stanice pro Lenovo notebooky.<\/strong><\/p>\n<p><strong>ThinkPad L4xx, L5xx, T4xx, T5xx, W550s, X2xx<\/strong><br \/>\n<strong>Bohu\u017eel je nevyu\u017eit\u00e1 i s kl\u00ed\u010dkem.<\/strong><\/p>\n<p><strong>P\u016fvodn\u00ed cena byla necel\u00fdch 6.000 K\u010d.<\/strong><\/p>\n<p><strong>Platba p\u0159edem na \u00fa\u010det je 90 K\u010d &#8211; doporu\u010den\u011b.<\/strong><br \/>\n<strong>Dob\u00edrka 170 K\u010d &#8211; plat\u00ed se p\u0159i vyzvednut\u00ed na po\u0161t\u011b nebo p\u0159i p\u0159ed\u00e1n\u00ed u po\u0161tovn\u00edho kur\u00fdra.<\/strong><\/p>\n<p><strong>P\u0159edstavujeme V\u00e1m origin\u00e1ln\u00ed dokovac\u00ed stanici pro notebooky Lenovo. Stanice je velmi zaj\u00edmav\u011b \u0159e\u0161ena a V\u00e1\u0161 notebook m\u016f\u017eete velmi snadno p\u0159ipojit a roz\u0161\u00ed\u0159it o dal\u0161\u00ed mo\u017enosti. Stanice V\u00e1m zajist\u00ed i nab\u00edjen\u00ed Va\u0161eho notebooku. Pomoc\u00ed dokovac\u00ed stanice m\u016f\u017eete p\u0159ipojit dal\u0161\u00ed periferie (tisk\u00e1rny, kl\u00e1vesnice, monitory, aj.)<\/strong><\/p>\n<p><strong>ThinkPad L440, L450, L460, L470, L540, L560, L570<\/strong><br \/>\n<strong>ThinkPad P50s, P51s<\/strong><br \/>\n<strong>ThinkPad T440, T440p, T440s, T450, T450s, T460, T460p, T460s, T470, T470p, T470s, T540p, T550, T560, T570<\/strong><br \/>\n<strong>ThinkPad W550s<\/strong><br \/>\n<strong>ThinkPad X240, X250, X260, X270<\/strong><br \/>\n<strong>pouze s dvouj\u00e1drov\u00fdmi procesory a integrovanou grafickou kartou<\/strong><\/p>\n<p><strong>3xUSB 2.0<\/strong><br \/>\n<strong>3xUSB 3.0<\/strong><br \/>\n<strong>1xDisplayPort<\/strong><br \/>\n<strong>1xDVI<\/strong><br \/>\n<strong>1xVGA<\/strong><br \/>\n<strong>1xLAN<\/strong><\/p>\n","protected":false},"featured_media":10193,"comment_status":"open","ping_status":"closed","template":"","meta":{"ngg_post_thumbnail":0},"product_brand":[],"product_cat":[15],"product_tag":[],"class_list":{"0":"post-10192","1":"product","2":"type-product","3":"status-publish","4":"has-post-thumbnail","6":"product_cat-vypocetni-technika","7":"product_shipping_class-zas","8":"pa_baleni-kompletni","9":"pa_baleni-nahradni-obal","10":"pa_baleni-neoriginalni-baleni","11":"pa_material-kov","12":"pa_material-plast","13":"pa_vaha-do-2-kg","15":"first","16":"outofstock","17":"sale","18":"shipping-taxable","19":"purchasable","20":"product-type-simple"},"_links":{"self":[{"href":"https:\/\/www.bazaroslavany.cz\/index.php?rest_route=\/wp\/v2\/product\/10192","targetHints":{"allow":["GET"]}}],"collection":[{"href":"https:\/\/www.bazaroslavany.cz\/index.php?rest_route=\/wp\/v2\/product"}],"about":[{"href":"https:\/\/www.bazaroslavany.cz\/index.php?rest_route=\/wp\/v2\/types\/product"}],"replies":[{"embeddable":true,"href":"https:\/\/www.bazaroslavany.cz\/index.php?rest_route=%2Fwp%2Fv2%2Fcomments&post=10192"}],"wp:featuredmedia":[{"embeddable":true,"href":"https:\/\/www.bazaroslavany.cz\/index.php?rest_route=\/wp\/v2\/media\/10193"}],"wp:attachment":[{"href":"https:\/\/www.bazaroslavany.cz\/index.php?rest_route=%2Fwp%2Fv2%2Fmedia&parent=10192"}],"wp:term":[{"taxonomy":"product_brand","embeddable":true,"href":"https:\/\/www.bazaroslavany.cz\/index.php?rest_route=%2Fwp%2Fv2%2Fproduct_brand&post=10192"},{"taxonomy":"product_cat","embeddable":true,"href":"https:\/\/www.bazaroslavany.cz\/index.php?rest_route=%2Fwp%2Fv2%2Fproduct_cat&post=10192"},{"taxonomy":"product_tag","embeddable":true,"href":"https:\/\/www.bazaroslavany.cz\/index.php?rest_route=%2Fwp%2Fv2%2Fproduct_tag&post=10192"}],"curies":[{"name":"wp","href":"https:\/\/api.w.org\/{rel}","templated":true}]}}