{"id":291,"date":"2017-11-24T02:08:39","date_gmt":"2017-11-24T01:08:39","guid":{"rendered":"https:\/\/www.bazaroslavany.cz\/?post_type=product&#038;p=291"},"modified":"2019-11-15T21:18:48","modified_gmt":"2019-11-15T20:18:48","slug":"novy-batoh-connect-it-ci-442-hardshell-15-6","status":"publish","type":"product","link":"https:\/\/www.bazaroslavany.cz\/?product=novy-batoh-connect-it-ci-442-hardshell-15-6","title":{"rendered":"Nov\u00fd Batoh CONNECT IT CI-442 HardShell 15.6&#8243;"},"content":{"rendered":"<p><strong>Nov\u00fd Batoh\/Bra\u0161na na notebook&#8230;. Batoh\/Bra\u0161na CONNECT IT CI-442 HardShell 15.6&#8243;. Batoh na notebook sko\u0159epinov\u00fd, 3v1 (batoh, bra\u0161na, cestovn\u00ed bra\u0161na), vn\u011bj\u0161\u00ed rozm\u011br 45x32x16cm, uzav\u00edr\u00e1n\u00ed na zip, hlavn\u00ed polstrovan\u00e1 a odd\u011blen\u00e1 kapsa + 9 kapes na p\u0159\u00edslu\u0161enstv\u00ed, v\u010detn\u011b velk\u00e9 kapsy na dokumenty. Mo\u017eno pou\u017e\u00edt jako batoh nebo zasunout popruhy pro batoh do integrovan\u00e9 kapsy a p\u0159ipnout \u0159emen p\u0159ez rameno, pou\u017e\u00edvat jako norm\u00e1ln\u00ed bra\u0161nu&#8230;<\/strong><\/p>\n","protected":false},"excerpt":{"rendered":"<p><strong>Nov\u00fd Batoh\/Bra\u0161na na notebook&#8230;. Batoh\/Bra\u0161na CONNECT IT CI-442 HardShell 15.6&#8243;. Batoh na notebook sko\u0159epinov\u00fd, 3v1 (batoh, bra\u0161na, cestovn\u00ed bra\u0161na), vn\u011bj\u0161\u00ed rozm\u011br 45x32x16cm, uzav\u00edr\u00e1n\u00ed na zip, hlavn\u00ed polstrovan\u00e1 a odd\u011blen\u00e1 kapsa + 9 kapes na p\u0159\u00edslu\u0161enstv\u00ed, v\u010detn\u011b velk\u00e9 kapsy na dokumenty. Mo\u017eno pou\u017e\u00edt jako batoh nebo zasunout popruhy pro batoh do integrovan\u00e9 kapsy a p\u0159ipnout \u0159emen p\u0159ez rameno, pou\u017e\u00edvat jako norm\u00e1ln\u00ed bra\u0161nu&#8230;<br \/>\n<\/strong><\/p>\n","protected":false},"featured_media":292,"comment_status":"open","ping_status":"closed","template":"","meta":{"ngg_post_thumbnail":0},"product_brand":[],"product_cat":[15],"product_tag":[],"class_list":{"0":"post-291","1":"product","2":"type-product","3":"status-publish","4":"has-post-thumbnail","6":"product_cat-vypocetni-technika","7":"product_shipping_class-dz","8":"pa_baleni-neoriginalni-baleni","10":"first","11":"outofstock","12":"sale","13":"sold-individually","14":"shipping-taxable","15":"purchasable","16":"product-type-simple"},"_links":{"self":[{"href":"https:\/\/www.bazaroslavany.cz\/index.php?rest_route=\/wp\/v2\/product\/291","targetHints":{"allow":["GET"]}}],"collection":[{"href":"https:\/\/www.bazaroslavany.cz\/index.php?rest_route=\/wp\/v2\/product"}],"about":[{"href":"https:\/\/www.bazaroslavany.cz\/index.php?rest_route=\/wp\/v2\/types\/product"}],"replies":[{"embeddable":true,"href":"https:\/\/www.bazaroslavany.cz\/index.php?rest_route=%2Fwp%2Fv2%2Fcomments&post=291"}],"wp:featuredmedia":[{"embeddable":true,"href":"https:\/\/www.bazaroslavany.cz\/index.php?rest_route=\/wp\/v2\/media\/292"}],"wp:attachment":[{"href":"https:\/\/www.bazaroslavany.cz\/index.php?rest_route=%2Fwp%2Fv2%2Fmedia&parent=291"}],"wp:term":[{"taxonomy":"product_brand","embeddable":true,"href":"https:\/\/www.bazaroslavany.cz\/index.php?rest_route=%2Fwp%2Fv2%2Fproduct_brand&post=291"},{"taxonomy":"product_cat","embeddable":true,"href":"https:\/\/www.bazaroslavany.cz\/index.php?rest_route=%2Fwp%2Fv2%2Fproduct_cat&post=291"},{"taxonomy":"product_tag","embeddable":true,"href":"https:\/\/www.bazaroslavany.cz\/index.php?rest_route=%2Fwp%2Fv2%2Fproduct_tag&post=291"}],"curies":[{"name":"wp","href":"https:\/\/api.w.org\/{rel}","templated":true}]}}