{"id":4444,"date":"2019-11-15T19:20:07","date_gmt":"2019-11-15T18:20:07","guid":{"rendered":"https:\/\/www.bazaroslavany.cz\/?post_type=product&#038;p=4444"},"modified":"2023-10-05T14:40:45","modified_gmt":"2023-10-05T12:40:45","slug":"wifi-extender-edimax-ew-7438rpn-mini","status":"publish","type":"product","link":"https:\/\/www.bazaroslavany.cz\/?product=wifi-extender-edimax-ew-7438rpn-mini","title":{"rendered":"WiFi Extender EDIMAX EW-7438RPn Mini"},"content":{"rendered":"<p align=\"justify\">EW-7438RPn Mini je kompaktn\u00ed extender bezdr\u00e1tov\u00e9 s\u00edt\u011b vybaven\u00fd funkcemi nejnov\u011bj\u0161\u00ed generace. Jeho pou\u017eit\u00ed je jednoduch\u00e9 , eleminuje &#8220;mrtv\u00e9 body&#8221; a zv\u011bt\u0161uje pokryt\u00ed bezdr\u00e1tov\u00e9 s\u00edt\u011b. Pro EW-7438RPn Mini je dostupn\u00e1 tak\u00e9 bezplatn\u00e1 aplikace pro za\u0159\u00edzen\u00ed s iOS i Android, kter\u00e9 umo\u017e\u0148uje vytvo\u0159it harmonogram zapnut\u00ed\/vypnut\u00ed bezdr\u00e1tov\u00e9 s\u00edt\u011b. Za zm\u00ed\u0148ku tak\u00e9 stoj\u00ed funkce &#8220;s\u00ed\u0165 typu host&#8221; nebo iQ Setup d\u00edky n\u00ed\u017e m\u016f\u017eete jednodu\u0161e a rychle nakonfigurovat jeden ze t\u0159\u00ed pracovn\u00edch re\u017eim\u016f EW-7438RPn Mini: p\u0159\u00edstupov\u00fd bod, extender, bridge. D\u00edky shodnosti se standardem 802.11b\/g\/n poskytuje extender p\u0159enosvou rychlost a\u017e&nbsp; 300Mb\/s.<\/p>\n<p align=\"justify\"><strong>Lep\u0161\u00ed pokryt\u00ed bezdr\u00e1tov\u00e9 s\u00edt\u011b<\/strong><br \/>\nEW-7438RPn Mini jednoduch\u00fdm zp\u016fsobem roz\u0161i\u0159uje pokryt\u00ed bezdr\u00e1tov\u00e9 s\u00edt\u011b doma nebo v kancel\u00e1\u0159\u00ed, z\u00e1rove\u0148 eliminuje &#8220;mrtv\u00e9 body&#8221;. Sta\u010d\u00ed jej zasunout do elektrick\u00e9 z\u00e1suvky a b\u011bhem p\u00e1r chvil m\u016f\u017eete roz\u0161\u00ed\u0159it svoji bezdr\u00e1tovou s\u00ed\u0165.<\/p>\n<p><img decoding=\"async\" class=\"center\" src=\"https:\/\/i2.tsbohemia.cz\/img-promo\/2014\/11\/EW-7438RPnMini_Coverage.jpg\" alt=\"Edimax\"><\/p>\n<p><strong>3 pracovn\u00ed re\u017eimy: p\u0159\u00edstupov\u00fd bod, extender, WiFi bridge&nbsp;<\/strong><br \/>\nEW-7438RPn Mini m\u016f\u017ee pracovat v jednom ze t\u0159\u00ed re\u017eim\u016f. Jako p\u0159\u00edstupov\u00fd bod, extender nebo WiFi bridge. iQ Setup d\u011bl\u00e1 z konfigurace rychl\u00fd a jednoduch\u00fd proces.<\/p>\n<p><img decoding=\"async\" class=\"center\" src=\"https:\/\/i2.tsbohemia.cz\/img-promo\/2014\/11\/EW-7438RPnMini_3-in-1.jpg\" alt=\"Edimax\"><\/p>\n<p><strong>EdiRange &#8211; intuitivn\u00ed aplikace pro smartphony<\/strong><br \/>\nPro konfiguraci EW-7438RPn Mini m\u016f\u017eete vyu\u017e\u00edt EdiRange, aplikaci pro smatphony. Poskytuje p\u0159ehledn\u00fd seznam okoln\u00ed bezdr\u00e1tov\u00fdch s\u00edt\u00ed s jejich s\u00edlou sign\u00e1lu, d\u00edky \u010demu \u016f\u017eete vybrat nejm\u00e9n\u011b vyt\u00ed\u017een\u00fd kan\u00e1l. D\u00e1le aplikace umo\u017enuje zkonfiurovat harmonogram nebo s\u00ed\u0165 typu host.<\/p>\n<p><img decoding=\"async\" class=\"center\" src=\"https:\/\/i2.tsbohemia.cz\/img-promo\/2014\/11\/EW-7438RPnAir_SmartApp.jpg\" alt=\"Edimax\"><\/p>\n<p><strong>Kompaktn\u00ed rozm\u011bry<\/strong><br \/>\nEW-7438RPn Mini m\u016f\u017eete p\u0159ipojit p\u0159\u00edmo do elektrick\u00e9 z\u00e1suvky a d\u00edky kompaktn\u00edm rozm\u011br\u016f neblokuje sousedn\u00ed z\u00e1suvku..<\/p>\n<p><img decoding=\"async\" class=\"center\" src=\"https:\/\/i2.tsbohemia.cz\/img-promo\/2014\/11\/EW-7438RPnMini_compact.jpg\" alt=\"Edimax\"><\/p>\n<p><strong>iQ Setup<\/strong><br \/>\nFunkce iQ Setup, dostupn\u00e1 z internetov\u00e9ho prohl\u00ed\u017ee\u010de, umo\u017e\u0148uje rychlou konfiguraci za\u0159\u00ed\u017een\u00ed. Do te\u010f obt\u00ed\u017en\u00e1 konfigurace se st\u00e1v\u00e1 ot\u00e1zkou p\u00e1r kliknut\u00ed my\u0161\u00ed.<\/p>\n<p><img decoding=\"async\" class=\"center\" src=\"https:\/\/i2.tsbohemia.cz\/img-promo\/2014\/11\/IQsetup.jpg\" alt=\"Edimax\"><\/p>\n<p><strong>Tla\u010d\u00edtko&nbsp; WPS<\/strong><br \/>\nTla\u010d\u00edtko WPS (Wi-Fi Protected Setup) umo\u017e\u0148uje rychl\u00e9 p\u0159ipojen\u00ed s existuj\u00edc\u00ed bezdr\u00e1tovou s\u00edt\u00ed. Sta\u010d\u00ed stisknout tla\u010d\u00edtko WPS na za\u0159\u00edzen\u00ed a na routeru.<\/p>\n<p><img decoding=\"async\" class=\"center\" src=\"https:\/\/i2.tsbohemia.cz\/img-promo\/2014\/11\/EW-7438RPn_Mini_WPS.jpg\" alt=\"Edimax\"><\/p>\n<p><strong>Bezdr\u00e1tov\u00fd standard 802.11n (p\u0159enosov\u00e1 rychlost a\u017e 300Mb\/s)<\/strong><br \/>\nEW-7438RPn Mini m\u016f\u017ee dos\u00e1hnout rychlosti a\u017e 300Mb\/s p\u0159i p\u0159ipojen\u00ed s jin\u00fdmi za\u0159\u00edzen\u00edmi shodn\u00fdmi se standardem 802.11n. Samoz\u0159ejmost\u00ed je zp\u011btn\u00e1 kompatibilita se standardy 802.11b\/g.<\/p>\n<p><img decoding=\"async\" class=\"center\" src=\"https:\/\/i2.tsbohemia.cz\/img-promo\/2014\/11\/EW-7438RPnMini_N300.jpg\" alt=\"Edimax\"><\/p>\n<p><strong>Harmonogram bezdr\u00e1tov\u00e9 s\u00edt\u011b<\/strong><br \/>\nV re\u017eimu extender m\u016f\u017eete nakonfigurovat harmonogram vyp\u00edn\u00e1n\u00ed a zap\u00edn\u00e1n\u00ed bezdr\u00e1tov\u00e9 s\u00edt\u011b, kter\u00fd umo\u017e\u0148uje spravovat p\u0159\u00edstup k bezdr\u00e1tov\u00e9 s\u00edt\u011b a tak\u00e9 spot\u0159ebou energie.<\/p>\n<p><img decoding=\"async\" class=\"center\" src=\"https:\/\/i2.tsbohemia.cz\/img-promo\/2014\/11\/Wi-Fi_scheduling.jpg\" alt=\"Edimax\"><\/p>\n<p><strong>S\u00ed\u0165 typu host<\/strong><br \/>\nEW-7438RPn Mini umo\u017enuje nakonfigurovat druhou bezdr\u00e1tovou s\u00edt, odd\u011blenou od hlavn\u00ed s\u00edt\u011b.<\/p>\n<p><img decoding=\"async\" class=\"center\" src=\"https:\/\/i2.tsbohemia.cz\/img-promo\/2014\/11\/EW-7438RPnMini_Guest.jpg\" alt=\"Edimax\"><\/p>\n<p><strong>Dioda pro signalizaci stavu sign\u00e1lu<\/strong><br \/>\nEW-7438RPn Mini je vybaven\u00fd diodou pro signalizaci s\u00edly sign\u00e1lu, d\u00edky n\u00ed m\u016f\u017eete naj\u00edt optim\u00e1ln\u00ed um\u00edst\u011bn\u00ed pro v\u00e1\u0161 extender.<\/p>\n<p><img decoding=\"async\" class=\"center\" src=\"https:\/\/i2.tsbohemia.cz\/img-promo\/2014\/11\/EW-7438RPnMini_signal.jpg\" alt=\"Edimax\"><\/p>\n<h3 class=\"tech\">Technick\u00e1 specifikace<\/h3>\n<table width=\"100%;\" cellspacing=\"0\" cellpadding=\"0\">\n<tbody>\n<tr>\n<td><strong>S\u00ed\u0165ov\u00e1 architektura<\/strong><\/td>\n<td>FastEthernet<\/td>\n<\/tr>\n<tr>\n<td><strong>Typ za\u0159\u00edzen\u00ed<\/strong><\/td>\n<td>\n<ul>\n<li>expander \/ p\u0159\u00edstupov\u00fd bod<\/li>\n<li>wireless bridge<\/li>\n<li>extender<\/li>\n<\/ul>\n<\/td>\n<\/tr>\n<tr>\n<td><strong>Pou\u017eit\u00ed<\/strong><\/td>\n<td>Bezdr\u00e1tov\u00e1 s\u00ed\u0165 (WLAN)<\/td>\n<\/tr>\n<tr>\n<td><strong>Port LAN<\/strong><\/td>\n<td>1x 10\/100BaseTX (RJ45)<\/td>\n<\/tr>\n<tr>\n<td><strong>Typ konektoru pro extern\u00ed ant\u00e9nu<\/strong><\/td>\n<td>N\/A<\/td>\n<\/tr>\n<tr>\n<td><strong>\u0160ifrov\u00e1n\u00ed<\/strong><\/td>\n<td>\n<ul>\n<li>WEP &#8211; Wired Equivalent Privacy<\/li>\n<li>WPA (PSK) &#8211; Wi-Fi Protected Access (Pre-Shared Keys)<\/li>\n<li>WPA2 (PSK) &#8211; Wi-Fi Protected Access 2 (Pre-Shared Keys)<\/li>\n<li>WPS &#8211; Wi-Fi Protected Setup<\/li>\n<\/ul>\n<\/td>\n<\/tr>\n<tr>\n<td><strong>Dostupn\u00e1 p\u0159enosov\u00e1 rychlost<\/strong><\/td>\n<td>\n<ul>\n<li>300 Mb\/s<\/li>\n<li>54 Mb\/s<\/li>\n<li>11 Mb\/s<\/li>\n<\/ul>\n<\/td>\n<\/tr>\n<tr>\n<td><strong>Pracovn\u00ed re\u017eim<\/strong><\/td>\n<td>\n<ul>\n<li>Wireless client bridge<\/li>\n<li>Range Extender<\/li>\n<li>expander \/ p\u0159\u00edstupov\u00fd bod<\/li>\n<\/ul>\n<\/td>\n<\/tr>\n<tr>\n<td><strong>Frekvence<\/strong><\/td>\n<td>2.4 GHz<\/td>\n<\/tr>\n<tr>\n<td><strong>Podporovan\u00e9 protokoly a standardy<\/strong><\/td>\n<td>\n<ul>\n<li>QoS &#8211; Quality of Service<\/li>\n<li>Guest network<\/li>\n<li>ACL &#8211; Access Control List<\/li>\n<\/ul>\n<\/td>\n<\/tr>\n<tr>\n<td><strong>\u0160\u00ed\u0159ka<\/strong><\/td>\n<td>42 mm<\/td>\n<\/tr>\n<tr>\n<td><strong>V\u00fd\u0161ka<\/strong><\/td>\n<td>65 mm<\/td>\n<\/tr>\n<tr>\n<td><strong>Hloubka<\/strong><\/td>\n<td>38 mm<\/td>\n<\/tr>\n<tr>\n<td><strong>\u010cist\u00e1 hmotnost<\/strong><\/td>\n<td>70 g<\/td>\n<\/tr>\n<tr>\n<td><strong>Dopl\u0148uj\u00edc\u00ed informace<\/strong><\/td>\n<td>2 x intern\u00ed ant\u00e9ny<\/td>\n<\/tr>\n<\/tbody>\n<\/table>\n<p>&nbsp;<\/p>\n","protected":false},"excerpt":{"rendered":"<p><strong>EW-7438RPn Mini je kompaktn\u00ed extender bezdr\u00e1tov\u00e9 s\u00edt\u011b vybaven\u00fd funkcemi nejnov\u011bj\u0161\u00ed generace. Jeho pou\u017eit\u00ed je jednoduch\u00e9 , eleminuje &#8220;mrtv\u00e9 body&#8221; a zv\u011bt\u0161uje pokryt\u00ed bezdr\u00e1tov\u00e9 s\u00edt\u011b. Pro EW-7438RPn Mini je dostupn\u00e1 tak\u00e9 bezplatn\u00e1 aplikace pro za\u0159\u00edzen\u00ed s iOS i Android, kter\u00e9 umo\u017e\u0148uje vytvo\u0159it harmonogram zapnut\u00ed\/vypnut\u00ed bezdr\u00e1tov\u00e9 s\u00edt\u011b. Za zm\u00ed\u0148ku tak\u00e9 stoj\u00ed funkce &#8220;s\u00ed\u0165 typu host&#8221; nebo iQ Setup d\u00edky n\u00ed\u017e m\u016f\u017eete jednodu\u0161e a rychle nakonfigurovat jeden ze t\u0159\u00ed pracovn\u00edch re\u017eim\u016f EW-7438RPn Mini: p\u0159\u00edstupov\u00fd bod, extender, bridge. D\u00edky shodnosti se standardem 802.11b\/g\/n poskytuje extender p\u0159enosvou rychlost a\u017e&nbsp; 300Mb\/s.<\/strong><\/p>\n","protected":false},"featured_media":4446,"comment_status":"open","ping_status":"closed","template":"","meta":{"ngg_post_thumbnail":0},"product_brand":[],"product_cat":[15],"product_tag":[],"class_list":{"0":"post-4444","1":"product","2":"type-product","3":"status-publish","4":"has-post-thumbnail","6":"product_cat-vypocetni-technika","7":"product_shipping_class-zas","8":"pa_baleni-neoriginalni-baleni","9":"pa_material-plast","11":"first","12":"outofstock","13":"sale","14":"shipping-taxable","15":"purchasable","16":"product-type-simple"},"_links":{"self":[{"href":"https:\/\/www.bazaroslavany.cz\/index.php?rest_route=\/wp\/v2\/product\/4444","targetHints":{"allow":["GET"]}}],"collection":[{"href":"https:\/\/www.bazaroslavany.cz\/index.php?rest_route=\/wp\/v2\/product"}],"about":[{"href":"https:\/\/www.bazaroslavany.cz\/index.php?rest_route=\/wp\/v2\/types\/product"}],"replies":[{"embeddable":true,"href":"https:\/\/www.bazaroslavany.cz\/index.php?rest_route=%2Fwp%2Fv2%2Fcomments&post=4444"}],"wp:featuredmedia":[{"embeddable":true,"href":"https:\/\/www.bazaroslavany.cz\/index.php?rest_route=\/wp\/v2\/media\/4446"}],"wp:attachment":[{"href":"https:\/\/www.bazaroslavany.cz\/index.php?rest_route=%2Fwp%2Fv2%2Fmedia&parent=4444"}],"wp:term":[{"taxonomy":"product_brand","embeddable":true,"href":"https:\/\/www.bazaroslavany.cz\/index.php?rest_route=%2Fwp%2Fv2%2Fproduct_brand&post=4444"},{"taxonomy":"product_cat","embeddable":true,"href":"https:\/\/www.bazaroslavany.cz\/index.php?rest_route=%2Fwp%2Fv2%2Fproduct_cat&post=4444"},{"taxonomy":"product_tag","embeddable":true,"href":"https:\/\/www.bazaroslavany.cz\/index.php?rest_route=%2Fwp%2Fv2%2Fproduct_tag&post=4444"}],"curies":[{"name":"wp","href":"https:\/\/api.w.org\/{rel}","templated":true}]}}