{"id":8878,"date":"2020-07-30T14:10:01","date_gmt":"2020-07-30T12:10:01","guid":{"rendered":"https:\/\/www.bazaroslavany.cz\/?post_type=product&#038;p=8878"},"modified":"2023-10-05T16:11:12","modified_gmt":"2023-10-05T14:11:12","slug":"3d-tiskarna-anycubic-i3-mega-zanovni","status":"publish","type":"product","link":"https:\/\/www.bazaroslavany.cz\/?product=3d-tiskarna-anycubic-i3-mega-zanovni","title":{"rendered":"3D Tisk\u00e1rna Anycubic i3 Mega &#8211; Z\u00e1novn\u00ed"},"content":{"rendered":"<p><strong>Z\u00e1novn\u00ed (04.2020) 3D tisk\u00e1rna Anycubic i3 Mega. Sestaven\u00e1 a se\u0159\u00edzen\u00e1. Dopln\u011bn\u00e1 o upraven\u00e9 d\u00edly, zlep\u0161uj\u00edc\u00ed kvalitu tisku. Na tisk\u00e1rn\u011b bylo vyti\u0161t\u011bno asi 2 Kg filamentu PLA a ABS. Perfektn\u00ed stav nov\u00e9ho, se\u0159\u00edzen\u00e9ho a otestovan\u00e9ho stroje. V r\u00e1mci t\u00e9to cenov\u00e9 kategorie a po \u00faprav\u00e1ch docela p\u0159ekvapiv\u00e9 v\u00fdsledky. Ve\u0161ker\u00e9 p\u0159\u00edslu\u0161enstv\u00ed. V z\u00e1ruce. Podrobnosti telefonicky nebo emailem.<\/strong><\/p>\n","protected":false},"excerpt":{"rendered":"<p><strong>Z\u00e1novn\u00ed (04.2020) 3D tisk\u00e1rna Anycubic i3 Mega. Sestaven\u00e1 a se\u0159\u00edzen\u00e1. Dopln\u011bn\u00e1 o upraven\u00e9 d\u00edly, zlep\u0161uj\u00edc\u00ed kvalitu tisku. Na tisk\u00e1rn\u011b bylo vyti\u0161t\u011bno asi 2 Kg filamentu PLA a ABS. Perfektn\u00ed stav nov\u00e9ho, se\u0159\u00edzen\u00e9ho a otestovan\u00e9ho stroje. V r\u00e1mci t\u00e9to cenov\u00e9 kategorie a po \u00faprav\u00e1ch docela p\u0159ekvapiv\u00e9 v\u00fdsledky. Ve\u0161ker\u00e9 p\u0159\u00edslu\u0161enstv\u00ed. V z\u00e1ruce. Podrobnosti telefonicky nebo emailem.<\/strong><\/p>\n","protected":false},"featured_media":8879,"comment_status":"open","ping_status":"closed","template":"","meta":{"ngg_post_thumbnail":0},"product_brand":[],"product_cat":[156],"product_tag":[],"class_list":{"0":"post-8878","1":"product","2":"type-product","3":"status-publish","4":"has-post-thumbnail","6":"product_cat-3d-tiskarny-pouzite","7":"product_shipping_class-oo","8":"pa_baleni-kompletni","9":"pa_baleni-neoriginalni-baleni","10":"pa_material-kov","12":"first","13":"outofstock","14":"sale","15":"sold-individually","16":"shipping-taxable","17":"purchasable","18":"product-type-simple"},"_links":{"self":[{"href":"https:\/\/www.bazaroslavany.cz\/index.php?rest_route=\/wp\/v2\/product\/8878","targetHints":{"allow":["GET"]}}],"collection":[{"href":"https:\/\/www.bazaroslavany.cz\/index.php?rest_route=\/wp\/v2\/product"}],"about":[{"href":"https:\/\/www.bazaroslavany.cz\/index.php?rest_route=\/wp\/v2\/types\/product"}],"replies":[{"embeddable":true,"href":"https:\/\/www.bazaroslavany.cz\/index.php?rest_route=%2Fwp%2Fv2%2Fcomments&post=8878"}],"wp:featuredmedia":[{"embeddable":true,"href":"https:\/\/www.bazaroslavany.cz\/index.php?rest_route=\/wp\/v2\/media\/8879"}],"wp:attachment":[{"href":"https:\/\/www.bazaroslavany.cz\/index.php?rest_route=%2Fwp%2Fv2%2Fmedia&parent=8878"}],"wp:term":[{"taxonomy":"product_brand","embeddable":true,"href":"https:\/\/www.bazaroslavany.cz\/index.php?rest_route=%2Fwp%2Fv2%2Fproduct_brand&post=8878"},{"taxonomy":"product_cat","embeddable":true,"href":"https:\/\/www.bazaroslavany.cz\/index.php?rest_route=%2Fwp%2Fv2%2Fproduct_cat&post=8878"},{"taxonomy":"product_tag","embeddable":true,"href":"https:\/\/www.bazaroslavany.cz\/index.php?rest_route=%2Fwp%2Fv2%2Fproduct_tag&post=8878"}],"curies":[{"name":"wp","href":"https:\/\/api.w.org\/{rel}","templated":true}]}}