{"id":8931,"date":"2020-08-09T14:59:22","date_gmt":"2020-08-09T12:59:22","guid":{"rendered":"https:\/\/www.bazaroslavany.cz\/?post_type=product&#038;p=8931"},"modified":"2023-10-05T15:55:04","modified_gmt":"2023-10-05T13:55:04","slug":"2-kanalovy-modelarsky-prijimac-spektrum-dsm-sr200-24ghz","status":"publish","type":"product","link":"https:\/\/www.bazaroslavany.cz\/?product=2-kanalovy-modelarsky-prijimac-spektrum-dsm-sr200-24ghz","title":{"rendered":"2 Kan\u00e1lov\u00fd Model\u00e1\u0159sk\u00fd P\u0159ij\u00edma\u010d SPEKTRUM DSM SR200 2,4GHz"},"content":{"rendered":"<p><strong>Nepou\u017eit\u00fd 2-Kan\u00e1lov\u00fd P\u0159ij\u00edma\u010d SPEKTRUM DSM SR200 2,4GHz. Dvoukan\u00e1lov\u00fd p\u0159ij\u00edma\u010d Spektrum SR200 DSM pro RC auta. \u017d\u00e1dn\u00e9 ru\u0161en\u00ed, \u017e\u00e1dn\u00fd krystal, \u010dist\u011b digit\u00e1ln\u00ed p\u0159enos dat v p\u00e1smu 2.4 GHz. P\u0159ij\u00edma\u010d pro vys\u00edla\u010de s modulac\u00ed DSM. Nov\u00e1 konstrukce a nov\u011b vyvinut\u00fd software zabezpe\u010duje odolnost v\u016f\u010di statick\u00e9 elekt\u0159in\u011b.<\/strong><\/p>\n<p><strong>Nap\u00e1jen\u00ed od 3.5 do 9.6 V, samoz\u0159ejmost\u00ed je nastaviteln\u00fd fail-safe. P\u0159ij\u00edma\u010d je kompatibiln\u00ed pouze s modulac\u00ed Spektrum DSM.<\/strong><\/p>\n","protected":false},"excerpt":{"rendered":"<p><strong>Nepou\u017eit\u00fd 2-Kan\u00e1lov\u00fd P\u0159ij\u00edma\u010d SPEKTRUM DSM SR200 2,4GHz. Dvoukan\u00e1lov\u00fd p\u0159ij\u00edma\u010d Spektrum SR200 DSM pro RC auta. \u017d\u00e1dn\u00e9 ru\u0161en\u00ed, \u017e\u00e1dn\u00fd krystal, \u010dist\u011b digit\u00e1ln\u00ed p\u0159enos dat v p\u00e1smu 2.4 GHz. P\u0159ij\u00edma\u010d pro vys\u00edla\u010de s modulac\u00ed DSM. Nov\u00e1 konstrukce a nov\u011b vyvinut\u00fd software zabezpe\u010duje odolnost v\u016f\u010di statick\u00e9 elekt\u0159in\u011b.<\/strong><\/p>\n<p><strong>Nap\u00e1jen\u00ed od 3.5 do 9.6 V, samoz\u0159ejmost\u00ed je nastaviteln\u00fd fail-safe. P\u0159ij\u00edma\u010d je kompatibiln\u00ed pouze s modulac\u00ed Spektrum DSM.<\/strong><\/p>\n","protected":false},"featured_media":8932,"comment_status":"open","ping_status":"closed","template":"","meta":{"ngg_post_thumbnail":0},"product_brand":[],"product_cat":[148],"product_tag":[],"class_list":{"0":"post-8931","1":"product","2":"type-product","3":"status-publish","4":"has-post-thumbnail","6":"product_cat-rc_modely","7":"product_shipping_class-zas","8":"pa_baleni-kompletni","9":"pa_baleni-nahradni-obal","10":"pa_baleni-neoriginalni-baleni","12":"first","13":"outofstock","14":"sale","15":"sold-individually","16":"shipping-taxable","17":"purchasable","18":"product-type-simple"},"_links":{"self":[{"href":"https:\/\/www.bazaroslavany.cz\/index.php?rest_route=\/wp\/v2\/product\/8931","targetHints":{"allow":["GET"]}}],"collection":[{"href":"https:\/\/www.bazaroslavany.cz\/index.php?rest_route=\/wp\/v2\/product"}],"about":[{"href":"https:\/\/www.bazaroslavany.cz\/index.php?rest_route=\/wp\/v2\/types\/product"}],"replies":[{"embeddable":true,"href":"https:\/\/www.bazaroslavany.cz\/index.php?rest_route=%2Fwp%2Fv2%2Fcomments&post=8931"}],"wp:featuredmedia":[{"embeddable":true,"href":"https:\/\/www.bazaroslavany.cz\/index.php?rest_route=\/wp\/v2\/media\/8932"}],"wp:attachment":[{"href":"https:\/\/www.bazaroslavany.cz\/index.php?rest_route=%2Fwp%2Fv2%2Fmedia&parent=8931"}],"wp:term":[{"taxonomy":"product_brand","embeddable":true,"href":"https:\/\/www.bazaroslavany.cz\/index.php?rest_route=%2Fwp%2Fv2%2Fproduct_brand&post=8931"},{"taxonomy":"product_cat","embeddable":true,"href":"https:\/\/www.bazaroslavany.cz\/index.php?rest_route=%2Fwp%2Fv2%2Fproduct_cat&post=8931"},{"taxonomy":"product_tag","embeddable":true,"href":"https:\/\/www.bazaroslavany.cz\/index.php?rest_route=%2Fwp%2Fv2%2Fproduct_tag&post=8931"}],"curies":[{"name":"wp","href":"https:\/\/api.w.org\/{rel}","templated":true}]}}